of 82?
False
Does 25 divide 5347877?
False
Is 536455 a multiple of 39?
False
Does 23 divide 35145639?
False
Is 11856532 a multiple of 19?
True
Does 85 divide 150875?
True
Is 363220 a multiple of 22?
True
Is 78 a factor of 696944?
False
Is 146752 a multiple of 8?
True
Does 12 divide 950796?
True
Does 30 divide 7557394?
False
Is 8477 a multiple of 4?
False
Does 11 divide 215113?
False
Is 17849157 a multiple of 447?
True
Is 61 a factor of 26792726?
False
Is 4789128 a multiple of 246?
True
Is 164480 a multiple of 16?
True
Is 80727 a multiple of 80?
False
Is 125730 a multiple of 15?
True
Is 59 a factor of 517371?
True
Is 463602 a multiple of 151?
False
Does 39 divide 880542?
True
Does 19 divide 172008?
False
Is 202 a factor of 148066?
True
Is 14685 a multiple of 11?
True
Does 244 divide 2049356?
True
Is 2598714 a multiple of 762?
False
Does 593 divide 431033?
False
Is 411675 a multiple of 337?
False
Does 153 divide 322830?
True
Does 8 divide 14432?
True
Is 13 a factor of 1372868?
False
Does 314 divide 894272?
True
Is 9 a factor of 3664452?
False
Is 24589 a multiple of 36?
False
Does 13 divide 592085?
True
Does 598 divide 414108?
False
Does 16 divide 656464?
True
Does 145 divide 254040?
True
Is 13 a factor of 4447058?
False
Is 2329757 a multiple of 765?
False
Is 20986 a multiple of 14?
True
Is 8352 a multiple of 144?
True
Does 220 divide 2526480?
True
Is 57 a factor of 5016?
True
Is 366 a factor of 116388?
True
Is 167 a factor of 63794?
True
Is 15 a factor of 163813?
False
Is 42 a factor of 103280?
False
Does 276 divide 2456062?
False
Is 489 a factor of 4456257?
True
Does 1094 divide 23086563?
False
Is 385480 a multiple of 230?
True
Is 15 a factor of 288370?
False
Is 540690 a multiple of 15?
True
Is 441592 a multiple of 289?
True
Does 13 divide 1471678?
True
Is 4 a factor of 119064?
True
Is 7634830 a multiple of 29?
True
Is 6312252 a multiple of 6?
True
Is 1122491 a multiple of 18?
False
Is 207900 a multiple of 36?
True
Does 549 divide 3861301?
False
Does 7 divide 1358837?
False
Does 734 divide 553573?
False
Does 6 divide 7700204?
False
Is 11 a factor of 92899?
False
Is 4049734 a multiple of 217?
False
Is 4936055 a multiple of 79?
False
Does 48 divide 465235?
False
Is 154 a factor of 577654?
True
Is 232302 a multiple of 187?
False
Is 638 a factor of 2289144?
True
Is 61 a factor of 699148?
False
Does 18 divide 1863828?
True
Does 19 divide 192468?
False
Is 8806682 a multiple of 1154?
False
Is 10 a factor of 111420?
True
Is 247600 a multiple of 756?
False
Is 17 a factor of 21195226?
True
Is 109 a factor of 848592?
False
Does 650 divide 5157750?
True
Does 117 divide 2154087?
True
Does 81 divide 8464743?
True
Does 133 divide 178220?
True
Is 447 a factor of 27021150?
True
Is 151768 a multiple of 49?
False
Is 10972754 a multiple of 11?
False
Is 464526 a multiple of 3?
True
Is 352 a factor of 58963?
False
Is 680 a factor of 1204960?
True
Is 85 a factor of 453769?
False
Does 3 divide 290063?
False
Is 21 a factor of 294210?
True
Is 195930 a multiple of 217?
False
Is 623 a factor of 884122?
False
Is 468 a factor of 866855?
False
Is 4 a factor of 86024?
True
Does 13 divide 528112?
True
Is 2047279 a multiple of 199?
False
Does 581 divide 65922?
False
Does 66 divide 31196?
False
Is 38 a factor of 114608?
True
Does 137 divide 217693?
True
Does 485 divide 10140085?
False
Is 2218155 a multiple of 543?
True
Is 3584167 a multiple of 5?
False
Is 6278 a multiple of 43?
True
Is 4638600 a multiple of 75?
True
Is 23 a factor of 47426?
True
Is 3233402 a multiple of 199?
False
Is 66 a factor of 9043452?
True
Does 275 divide 100925?
True
Is 1793733 a multiple of 59?
False
Is 35 a factor of 1001245?
True
Is 178875 a multiple of 159?
True
Is 21 a factor of 4977?
True
Is 22 a factor of 814961?
False
Is 988511 a multiple of 17?
False
Is 129184 a multiple of 176?
True
Is 6928335 a multiple of 216?
False
Does 283 divide 1241521?
True
Is 311727 a multiple of 329?
False
Is 572452 a multiple of 15?
False
Is 19 a factor of 16371?
False
Is 3868578 a multiple of 5?
False
Is 521046 a multiple of 6?
True
Does 105 divide 9833305?
False
Does 11 divide 312837?
False
Is 52 a factor of 3058176?
False
Does 11 divide 4763396?
True
Does 192 divide 1809836?
False
Does 20 divide 1768660?
True
Is 2 a factor of 31016?
True
Is 66 a factor of 689964?
True
Does 5 divide 657445?
True
Does 1069 divide 2565600?
True
Is 23968 a multiple of 214?
True
Is 50 a factor of 45019?
False
Is 256 a factor of 1036032?
True
Is 18838087 a multiple of 21?
False
Is 4650057 a multiple of 63?
False
Is 10038 a multiple of 11?
False
Does 22 divide 1755314?
True
Is 12539740 a multiple of 9?
False
Does 12 divide 776029?
False
Is 491487 a multiple of 17?
True
Is 1564 a factor of 10608612?
True
Is 41 a factor of 2663811?
True
Is 620 a factor of 2069019?
False
Is 5509614 a multiple of 6?
True
Does 235 divide 93942?
False
Is 10 a factor of 1283546?
False
Does 3 divide 58390?
False
Is 86 a factor of 21217?
False
Does 7 divide 368340?
True
Is 58 a factor of 2208930?
True
Is 31306314 a multiple of 39?
True
Is 3104621 a multiple of 98?
False
Is 14169946 a multiple of 14?
True
Is 23 a factor of 3023028?
True
Does 299 divide 47840?
True
Is 571 a factor of 5926692?
False
Does 68 divide 5534452?
True
Is 6 a factor of 1425?
False
Is 7128 a multiple of 8?
True
Is 14350548 a multiple of 678?
True
Is 847880 a multiple of 20?
True
Does 43 divide 165292?
True
Is 7 a factor of 1867792?
False
Is 286 a factor of 297268?
False
Is 4 a factor of 239730?
False
Is 15 a factor of 956100?
True
Is 121410 a multiple of 5?
True
Does 17 divide 491878?
True
Is 32934 a multiple of 11?
True
Is 252651 a multiple of 159?
True
Is 224326 a multiple of 8?
False
Is 1387703 a multiple of 693?
False
Is 24524148 a multiple of 2826?
False
Is 8273 even?
False
Is 4125577 a multiple of 12?
False
Does 122 divide 224968?
True
Does 102 divide 2979221?
False
Is 52 a factor of 11667?
False
Does 181 divide 2434294?
False
Is 7 a factor of 150029?
False
Is 14 a factor of 117082?
True
Does 21 divide 22090299?
True
Does 17 divide 141134?
True
Is 2523366 a multiple of 27?
True
Is 11 a factor of 122650?
True
Is 400 a factor of 95263?
False
Is 414829 a multiple of 89?
True
Is 10 a factor of 776863?
False
Is 83 a factor of 2381967?
False
Does 365 divide 380869?
False
Is 102 a factor of 568142?
False
Is 1105186 a multiple of 6?
False
Does 451 divide 6646156?
False
Is 57670 a multiple of 79?
True
Does 237 divide 398731?
False
Is 1241 a factor of 3591454?
True
Does 373 divide 192713?
False
Does 487 divide 23310255?
True
Is 2167077 a multiple of 270?
False
Does 6 divide 602280?
True
Does 89 divide 6919038?
True
Is 1517256 a multiple of 6?
True
Does 37 divide 1120693?
True
Is 6363552 a multiple of 13?
True
Is 1579494 a multiple of 107?
False
Does 2 divide 24236?
True
Is 661835 a multiple of 25?
False
Is 75057 a multiple of 3?
True
Is 134498 a multiple of 12?
False
Is 4 a factor of 58724?
True
Is 34 a factor of 76854?
False
Is 1793 a factor of 3654324?
False
Does 81 divide 1710801?
True
Is 81 a factor of 30604?
False
Does 16 divide 669593?
False
Is 2066859 a multiple of 9?
True
Is 589573 a multiple of 8?
False
Is 45 a factor of 135402?
False
Is 14 a factor of 986688?
False
Does 190 divide 456000?
True
Is 9525918 a multiple of 85?
False
Does 11 divide 346902?
False
Is 342740 a multiple of 36?
False
Is 198 a factor of 139788?
True
Is 12 a factor of 2876580?
True
Does 87 divide 182004?
True
Does 79 divide 11625?
False
Is 32 a factor of 51049?
False
Does 33 divide 14180851?
False
Is 3863381 a multiple of 823?
False
Is 2811918 a multiple of 1180?
False
Does 536 divide 5556224?
False
Is 8514838 a multiple of 19?
False
Is 58284 a multiple of 308?
False
Is 5623884 a multiple of 756?
True
Is 3732323 a multiple of 799?
False
Is 13347 a multiple of 37?
False
Does 74 divide 439708?
True
Is 14 a factor of 90425?
False
Is 48 a factor of 414288?
True
Is 110058 a multiple of 8?
False
Is 9561097 a multiple of 931?
False
Is 30 a factor of 31837?
False
Is 378 a factor of 618168?
False
Is 1471196 a multiple of 21?
False
Is 157 a factor of 420917?
True
Is 405 a factor of 2304329?
False
Does 170 divide 51170?
True
Does 32 divide 516578?
False
Does 491 divide 1095912?
True
Is 73438 a multiple of 40?
False
Is 282 